{"id":4092,"date":"2025-07-29T07:28:12","date_gmt":"2025-07-29T10:28:12","guid":{"rendered":"https:\/\/e-poster.com.br\/envio\/?page_id=4092"},"modified":"2026-03-06T21:05:54","modified_gmt":"2026-03-07T00:05:54","slug":"ancp2026","status":"publish","type":"page","link":"https:\/\/e-poster.com.br\/envio\/ancp2026\/","title":{"rendered":"ENVIO DE E-POSTER ANCP\/ALCP 2026 &#8211; PT"},"content":{"rendered":"<p>[vc_row][vc_column][vc_single_image image=&#8221;4450&#8243; img_size=&#8221;full&#8221; alignment=&#8221;center&#8221;][vc_empty_space height=&#8221;15px&#8221;][vc_empty_space height=&#8221;15px&#8221;][vc_empty_space height=&#8221;15px&#8221;][\/vc_column][\/vc_row][vc_row][vc_column width=&#8221;1\/2&#8243;][vc_column_text]<strong>Cuidados Paliativos \u2013 Instru\u00e7\u00f5es E-p\u00f4ster<\/strong><\/p>\n<p>Modalidade P\u00f4ster Eletr\u00f4nico (E\u2013Poster) \u2013 Orienta\u00e7\u00f5es e Normas para envio<\/p>\n<p>Colocar o ID do trabalho (Campo C\u00f3digo \u2013 quatro d\u00edgitos fornecido pela organiza\u00e7\u00e3o do congresso), de tamanho de f\u00e1cil visualiza\u00e7\u00e3o, no canto superior ESQUERDO;<\/p>\n<p><strong><br \/>\nData limite para submiss\u00e3o do E-poster: 09\/03\/2026<\/strong><\/p>\n<p>Os trabalhos na modalidade P\u00f4ster dever\u00e3o ser enviados eletronicamente (E-Poster), e ser\u00e3o disponibilizados em t\u00f3tem digital. Portanto, n\u00e3o \u00e9 necess\u00e1rio imprimir.<br \/>\n<strong>Importante: <\/strong>fique atento \u00e0 programa\u00e7\u00e3o do evento e n\u00e3o perca o hor\u00e1rio de sess\u00e3o de p\u00f4ster. N\u00e3o haver\u00e1 apresenta\u00e7\u00e3o, entretanto os posteres ficar\u00e3o expostos durante todo o evento.<\/p>\n<p><strong>Configura\u00e7\u00e3o da p\u00e1gina no Power point:<\/strong><\/p>\n<p>Arquivo desenvolvido em Power Point (.ppt, .pptx) ou outro programa similar, em um \u00fanico slide e salvo em formato PPT, PPTX ou PDF;<br \/>\nA apresenta\u00e7\u00e3o poder\u00e1 conter no m\u00e1ximo uma p\u00e1gina (slide);<br \/>\nConfigura\u00e7\u00e3o de tamanho de p\u00e1gina: 14,292 cm x 25,4 cm (largura x altura);<br \/>\nSlide dimensionado para \u201cPersonalizar\u201d orienta\u00e7\u00e3o retrato;<br \/>\nUse o it\u00e1lico somente para indicar termos em outros idiomas.<br \/>\nPara evitar cortes nos textos, \u00e9 importante que as margens laterais utilizadas no modelo sejam respeitadas.<\/p>\n<p><strong><br \/>\nSugere-se que o poster seja estruturado contemplando os seguintes subt\u00edtulos:<\/strong><\/p>\n<ul>\n<li>T\u00edtulo<\/li>\n<li>Autores e afilia\u00e7\u00f5es institucionais<\/li>\n<li>E-mail de contato do autor principal<\/li>\n<li>Introdu\u00e7\u00e3o<\/li>\n<li>Objetivo<\/li>\n<li>M\u00e9todo<\/li>\n<li>Resultados<\/li>\n<li>Conclus\u00e3o<u><br \/>\n<\/u><\/li>\n<\/ul>\n<p><strong>Os relatos de caso dever\u00e3o ser estruturados em:<\/strong><\/p>\n<ul>\n<li>T\u00edtulo<\/li>\n<li>Autores e afilia\u00e7\u00f5es institucionais<\/li>\n<li>E-mail de contato do autor principal<\/li>\n<li>Apresenta\u00e7\u00e3o do Caso<\/li>\n<li>Discuss\u00e3o<br \/>\nConsidera\u00e7\u00f5es Finais<\/li>\n<\/ul>\n<p>Para relatos de caso, \u00e9\u00a0obrigat\u00f3rio\u00a0que o caso tenha sido aprovado por Comit\u00ea de \u00c9tica ou que haja assinatura do TCLE.<\/p>\n<p>O t\u00edtulo do E-Poster deve ser id\u00eantico ao do resumo. Abaixo do t\u00edtulo dever\u00e1 estar o nome dos autores e suas respectivas institui\u00e7\u00f5es. Quando houver mais de um autor, separ\u00e1-los por ponto e v\u00edrgula.<\/p>\n<p>\u00c9 permitida a utiliza\u00e7\u00e3o de imagens e gr\u00e1ficos est\u00e1ticos.<br \/>\nO modelo disponibilizado para download est\u00e1 configurado nas dimens\u00f5es adequadas para os equipamentos que ser\u00e3o utilizados no evento.<br \/>\nO conte\u00fado de texto e plano de fundo inclu\u00eddos no modelo s\u00e3o apenas uma sugest\u00e3o, podendo ser editados livremente, conforme a necessidade de cada autor.[\/vc_column_text][\/vc_column][vc_column width=&#8221;1\/2&#8243;][vc_column_text]<strong>DOWNLOAD<\/strong>[\/vc_column_text][vc_empty_space height=&#8221;10px&#8221;]<div style=\"text-align:center\"><a style=\"color:#ffffff !important;border-radius:30px;background-color:#3d90e2;border-color:#3d90e2;\" class=\"wbc-button button btn-primary no-hover\" href=\"https:\/\/e-poster.com.br\/envio\/wp-content\/uploads\/2026\/02\/eposter-template-anc.pptx\" target=\"_self\"  >DOWNLOAD DO TEMPLATE (POWER POINT)<\/a><\/div>[vc_empty_space][vc_column_text]<strong>SUBMISS\u00c3O DO E-POSTER<\/strong>[\/vc_column_text][vc_column_text][\/vc_column_text][\/vc_column][\/vc_row]<\/p>\n","protected":false},"excerpt":{"rendered":"<p>[vc_row][vc_column][vc_single_image image=&#8221;4450&#8243; img_size=&#8221;full&#8221; alignment=&#8221;center&#8221;][vc_empty_space height=&#8221;15px&#8221;][vc_empty_space height=&#8221;15px&#8221;][vc_empty_space height=&#8221;15px&#8221;][\/vc_column][\/vc_row][vc_row][vc_column width=&#8221;1\/2&#8243;][vc_column_text]Cuidados Paliativos \u2013 Instru\u00e7\u00f5es E-p\u00f4ster Modalidade P\u00f4ster Eletr\u00f4nico (E\u2013Poster) \u2013 Orienta\u00e7\u00f5es e Normas para envio Colocar o ID do trabalho (Campo C\u00f3digo \u2013 quatro d\u00edgitos fornecido pela organiza\u00e7\u00e3o do congresso), de tamanho de f\u00e1cil visualiza\u00e7\u00e3o, no canto superior ESQUERDO; Data limite para submiss\u00e3o do E-poster: 09\/03\/2026 Os trabalhos [&hellip;]<\/p>\n","protected":false},"author":1,"featured_media":4456,"parent":0,"menu_order":0,"comment_status":"closed","ping_status":"closed","template":"","meta":{"footnotes":""},"class_list":["post-4092","page","type-page","status-publish","has-post-thumbnail","hentry"],"yoast_head":"<!-- This site is optimized with the Yoast SEO plugin v20.13 - https:\/\/yoast.com\/wordpress\/plugins\/seo\/ -->\n<title>ENVIO DE E-POSTER ANCP\/ALCP 2026 - PT - E-poster<\/title>\n<meta name=\"description\" content=\"SUBMISS\u00c3O E-POSTER\" \/>\n<meta name=\"robots\" content=\"index, follow, max-snippet:-1, max-image-preview:large, max-video-preview:-1\" \/>\n<link rel=\"canonical\" href=\"https:\/\/e-poster.com.br\/envio\/ancp2026\/\" \/>\n<meta property=\"og:locale\" content=\"pt_BR\" \/>\n<meta property=\"og:type\" content=\"article\" \/>\n<meta property=\"og:title\" content=\"ENVIO DE E-POSTER ANCP\/ALCP 2026 - PT - E-poster\" \/>\n<meta property=\"og:description\" content=\"SUBMISS\u00c3O E-POSTER\" \/>\n<meta property=\"og:url\" content=\"https:\/\/e-poster.com.br\/envio\/ancp2026\/\" \/>\n<meta property=\"og:site_name\" content=\"E-poster\" \/>\n<meta property=\"article:modified_time\" content=\"2026-03-07T00:05:54+00:00\" \/>\n<meta property=\"og:image\" content=\"http:\/\/e-poster.com.br\/envio\/wp-content\/uploads\/2026\/02\/dstk.jpg\" \/>\n\t<meta property=\"og:image:width\" content=\"1080\" \/>\n\t<meta property=\"og:image:height\" content=\"1080\" \/>\n\t<meta property=\"og:image:type\" content=\"image\/jpeg\" \/>\n<meta name=\"twitter:card\" content=\"summary_large_image\" \/>\n<meta name=\"twitter:label1\" content=\"Est. tempo de leitura\" \/>\n\t<meta name=\"twitter:data1\" content=\"3 minutos\" \/>\n<script type=\"application\/ld+json\" class=\"yoast-schema-graph\">{\"@context\":\"https:\/\/schema.org\",\"@graph\":[{\"@type\":\"WebPage\",\"@id\":\"https:\/\/e-poster.com.br\/envio\/ancp2026\/\",\"url\":\"https:\/\/e-poster.com.br\/envio\/ancp2026\/\",\"name\":\"ENVIO DE E-POSTER ANCP\/ALCP 2026 - PT - E-poster\",\"isPartOf\":{\"@id\":\"https:\/\/e-poster.com.br\/envio\/#website\"},\"datePublished\":\"2025-07-29T10:28:12+00:00\",\"dateModified\":\"2026-03-07T00:05:54+00:00\",\"description\":\"SUBMISS\u00c3O E-POSTER\",\"breadcrumb\":{\"@id\":\"https:\/\/e-poster.com.br\/envio\/ancp2026\/#breadcrumb\"},\"inLanguage\":\"pt-BR\",\"potentialAction\":[{\"@type\":\"ReadAction\",\"target\":[\"https:\/\/e-poster.com.br\/envio\/ancp2026\/\"]}]},{\"@type\":\"BreadcrumbList\",\"@id\":\"https:\/\/e-poster.com.br\/envio\/ancp2026\/#breadcrumb\",\"itemListElement\":[{\"@type\":\"ListItem\",\"position\":1,\"name\":\"In\u00edcio\",\"item\":\"https:\/\/e-poster.com.br\/envio\/\"},{\"@type\":\"ListItem\",\"position\":2,\"name\":\"ENVIO DE E-POSTER ANCP\/ALCP 2026 &#8211; PT\"}]},{\"@type\":\"WebSite\",\"@id\":\"https:\/\/e-poster.com.br\/envio\/#website\",\"url\":\"https:\/\/e-poster.com.br\/envio\/\",\"name\":\"E-poster\",\"description\":\"A Revolu\u00e7\u00e3o dos Eventos Cient\u00edficos\",\"publisher\":{\"@id\":\"https:\/\/e-poster.com.br\/envio\/#organization\"},\"potentialAction\":[{\"@type\":\"SearchAction\",\"target\":{\"@type\":\"EntryPoint\",\"urlTemplate\":\"https:\/\/e-poster.com.br\/envio\/?s={search_term_string}\"},\"query-input\":\"required name=search_term_string\"}],\"inLanguage\":\"pt-BR\"},{\"@type\":\"Organization\",\"@id\":\"https:\/\/e-poster.com.br\/envio\/#organization\",\"name\":\"E-poster\",\"url\":\"https:\/\/e-poster.com.br\/envio\/\",\"logo\":{\"@type\":\"ImageObject\",\"inLanguage\":\"pt-BR\",\"@id\":\"https:\/\/e-poster.com.br\/envio\/#\/schema\/logo\/image\/\",\"url\":\"https:\/\/e-poster.com.br\/wp-content\/uploads\/2016\/12\/logo-e-poster.png\",\"contentUrl\":\"https:\/\/e-poster.com.br\/wp-content\/uploads\/2016\/12\/logo-e-poster.png\",\"width\":800,\"height\":240,\"caption\":\"E-poster\"},\"image\":{\"@id\":\"https:\/\/e-poster.com.br\/envio\/#\/schema\/logo\/image\/\"}}]}<\/script>\n<!-- \/ Yoast SEO plugin. -->","yoast_head_json":{"title":"ENVIO DE E-POSTER ANCP\/ALCP 2026 - PT - E-poster","description":"SUBMISS\u00c3O E-POSTER","robots":{"index":"index","follow":"follow","max-snippet":"max-snippet:-1","max-image-preview":"max-image-preview:large","max-video-preview":"max-video-preview:-1"},"canonical":"https:\/\/e-poster.com.br\/envio\/ancp2026\/","og_locale":"pt_BR","og_type":"article","og_title":"ENVIO DE E-POSTER ANCP\/ALCP 2026 - PT - E-poster","og_description":"SUBMISS\u00c3O E-POSTER","og_url":"https:\/\/e-poster.com.br\/envio\/ancp2026\/","og_site_name":"E-poster","article_modified_time":"2026-03-07T00:05:54+00:00","og_image":[{"width":1080,"height":1080,"url":"http:\/\/e-poster.com.br\/envio\/wp-content\/uploads\/2026\/02\/dstk.jpg","type":"image\/jpeg"}],"twitter_card":"summary_large_image","twitter_misc":{"Est. tempo de leitura":"3 minutos"},"schema":{"@context":"https:\/\/schema.org","@graph":[{"@type":"WebPage","@id":"https:\/\/e-poster.com.br\/envio\/ancp2026\/","url":"https:\/\/e-poster.com.br\/envio\/ancp2026\/","name":"ENVIO DE E-POSTER ANCP\/ALCP 2026 - PT - E-poster","isPartOf":{"@id":"https:\/\/e-poster.com.br\/envio\/#website"},"datePublished":"2025-07-29T10:28:12+00:00","dateModified":"2026-03-07T00:05:54+00:00","description":"SUBMISS\u00c3O E-POSTER","breadcrumb":{"@id":"https:\/\/e-poster.com.br\/envio\/ancp2026\/#breadcrumb"},"inLanguage":"pt-BR","potentialAction":[{"@type":"ReadAction","target":["https:\/\/e-poster.com.br\/envio\/ancp2026\/"]}]},{"@type":"BreadcrumbList","@id":"https:\/\/e-poster.com.br\/envio\/ancp2026\/#breadcrumb","itemListElement":[{"@type":"ListItem","position":1,"name":"In\u00edcio","item":"https:\/\/e-poster.com.br\/envio\/"},{"@type":"ListItem","position":2,"name":"ENVIO DE E-POSTER ANCP\/ALCP 2026 &#8211; PT"}]},{"@type":"WebSite","@id":"https:\/\/e-poster.com.br\/envio\/#website","url":"https:\/\/e-poster.com.br\/envio\/","name":"E-poster","description":"A Revolu\u00e7\u00e3o dos Eventos Cient\u00edficos","publisher":{"@id":"https:\/\/e-poster.com.br\/envio\/#organization"},"potentialAction":[{"@type":"SearchAction","target":{"@type":"EntryPoint","urlTemplate":"https:\/\/e-poster.com.br\/envio\/?s={search_term_string}"},"query-input":"required name=search_term_string"}],"inLanguage":"pt-BR"},{"@type":"Organization","@id":"https:\/\/e-poster.com.br\/envio\/#organization","name":"E-poster","url":"https:\/\/e-poster.com.br\/envio\/","logo":{"@type":"ImageObject","inLanguage":"pt-BR","@id":"https:\/\/e-poster.com.br\/envio\/#\/schema\/logo\/image\/","url":"https:\/\/e-poster.com.br\/wp-content\/uploads\/2016\/12\/logo-e-poster.png","contentUrl":"https:\/\/e-poster.com.br\/wp-content\/uploads\/2016\/12\/logo-e-poster.png","width":800,"height":240,"caption":"E-poster"},"image":{"@id":"https:\/\/e-poster.com.br\/envio\/#\/schema\/logo\/image\/"}}]}},"_links":{"self":[{"href":"https:\/\/e-poster.com.br\/envio\/wp-json\/wp\/v2\/pages\/4092","targetHints":{"allow":["GET"]}}],"collection":[{"href":"https:\/\/e-poster.com.br\/envio\/wp-json\/wp\/v2\/pages"}],"about":[{"href":"https:\/\/e-poster.com.br\/envio\/wp-json\/wp\/v2\/types\/page"}],"author":[{"embeddable":true,"href":"https:\/\/e-poster.com.br\/envio\/wp-json\/wp\/v2\/users\/1"}],"replies":[{"embeddable":true,"href":"https:\/\/e-poster.com.br\/envio\/wp-json\/wp\/v2\/comments?post=4092"}],"version-history":[{"count":9,"href":"https:\/\/e-poster.com.br\/envio\/wp-json\/wp\/v2\/pages\/4092\/revisions"}],"predecessor-version":[{"id":4499,"href":"https:\/\/e-poster.com.br\/envio\/wp-json\/wp\/v2\/pages\/4092\/revisions\/4499"}],"wp:featuredmedia":[{"embeddable":true,"href":"https:\/\/e-poster.com.br\/envio\/wp-json\/wp\/v2\/media\/4456"}],"wp:attachment":[{"href":"https:\/\/e-poster.com.br\/envio\/wp-json\/wp\/v2\/media?parent=4092"}],"curies":[{"name":"wp","href":"https:\/\/api.w.org\/{rel}","templated":true}]}}